i(q) = q - 3. Suppose -5*n + 50*n - 90 = 0. Suppose -4*h = n*a - 6, 5*a - 15 = h - 0. Give i(a).
0
Let k(i) = -55*i - 5*i**2 - 75 + 901*i**3 - 2*i**2 + 60*i - 902*i**3 + 4*i**2. Determine k(-6).
3
Let c = 347 + -343. Suppose -c*a - 5*b - 80 = a, -32 = 3*a - 5*b. Let k(x) = -2*x - 31. What is k(a)?
-3
Let u(p) = 3*p + 9. Let l(g) = 4*g + 9. Let y(n) = 2*l(n) - 3*u(n). Let j(k) = -5*k**3 - 24*k**2 - 201*k - 756. Let s be j(-4). Determine y(s).
7
Suppose 40 = -4*l - l. Let q be (6/4)/(2/l). Let c(n) = 1. Let h(k) = 3*k + 7. Let g(u) = 5*c(u) - h(u). Give g(q).
16
Let p(b) = -169*b + 846. Let a be p(5). Let i(u) = -18*u + 10. Give i(a).
-8
Suppose 0 = -4*v - v - 10. Let n be 2 + (4 + -2)/v. Let q(k) be the second derivative of -k**4/2 + k**3/6 - k**2/2 + 49045*k. Give q(n).
-6
Suppose 8*a - 29 = -5. Suppose a*q - 2*q = 24. Suppose 2*c = 2*y - 12, -y + c - q = -6*y. Let t(m) = m**3 - 4*m**2 - 5*m - 1. What is t(y)?
-1
Let k(s) = -7*s + 58. Let f be k(7). Let b be f/6*10/3. Let a(j) = j**2 - j - 4. What is a(b)?
16
Suppose -5*o + 5*r = 40, 2*o + 45 - 24 = -3*r. Let y(u) = -u**2 - 3*u + 9. Calculate y(o).
-45
Let n(i) = 29*i - 3. Let z(p) = -138*p + 12. Let w(s) = 9*n(s) + 2*z(s). Give w(4).
-63
Let i(l) = -l**3 + 10*l**2 + 12. Let k be i(10). Let h(f) = -5 - 7*f + 31*f - k*f - 11*f. Let z be (-3 - 0)*(-24)/18. Calculate h(z).
-1
Let s(k) = -13*k + 37. Suppose -5*d = -4*v - 19, d + 10*v - 8 = 15*v. Give s(d).
-2
Let b(s) = -s - 4. Let v(y) = 33*y - 17. Let q be v(0). Determine b(q).
13
Let d(z) = -2545*z + 1295*z + 1284*z + 69 - 3*z**2. Give d(13).
4
Let k = -1718/3 - -3437/6. Let b(n) be the third derivative of -22*n**2 - 1/2*n**4 + 0 + 0*n - k*n**3. Give b(-2).
23
Let u(w) be the second derivative of w**5/20 + w**4/2 - 4*w**3/3 + 7*w**2 + 100*w - 7. Give u(-7).
21
Suppose -15*p - 3953 = 277. Let h = 292 + p. Let t(n) = -n**3 + 9*n**2 + 9*n + 5. What is t(h)?
-5
Let h(i) = -i - 21. Let c be (15/(-12) - -2)/(8/64). Let u be (-3 + c)*74/6. Suppose u - 1 = -4*x. Give h(x).
-12
Let y be 14/(-490)*305 + (-14)/49. Let r(c) = -c**3 - 10*c**2 - 12*c - 18. Determine r(y).
9
Suppose 71 = 2*x - 3*c, 3*x = 9*c - 6*c + 111. Let k be (-2)/(8/(x + -8)). Let n(p) = p**3 + 7*p**2 - 9*p + 11. Give n(k).
19
Let h(s) = -s**3 + 13*s**2 + 17*s - 41. Let v(u) = u**2 - u - 6. Let f be v(-4). Give h(f).
1
Let b(n) = -20*n + 81. Let t(a) = 7*a - 28. Let v(j) = -4*b(j) - 11*t(j). Determine v(0).
-16
Let b(v) = v + 34. Suppose 7*t - 52 = 2*f + 3*t, -2*t = 5*f + 70. Calculate b(f).
18
Let k(b) = 2*b**2 - 3*b - 15. Let a = 1244 + -1239. Determine k(a).
20
Let g(q) = 11 - 58301*q + 8*q**2 + 4*q**2 - q**3 + 58287*q. Calculate g(11).
-22
Let c be (11328/36)/16 + (-2)/3. Let r be (3 + 27)*c/38. Let u(b) = b**2 - 13*b - 18. Give u(r).
12
Let n = 456 + -482. Let m(c) = -c**2 - 23*c + 73. Let k be m(n). Let g(b) = b**3 + 6*b**2 - 3. Calculate g(k).
22
Let t(q) = 40*q + 10*q + 60*q - 56*q - 4*q**2 - 30. What is t(13)?
-4
Let c(k) = k**3 + 3*k**2 - 2*k - 1. Let m = -60 - -120. Let z = -1323 - -1379. Let a = z - m. Calculate c(a).
-9
Let u(a) = 318 - 138 + 7*a - 135. What is u(0)?
45
Let z(o) = 144*o**2 + 120*o + 524. Let m(d) = -25*d**2 - 20*d - 87. Let a(y) = 23*m(y) + 4*z(y). Determine a(-10).
-5
Let z = -13 + 15. Let p(a) = a**3 - 5*a - 5*a - z + 6*a**2 - 8. Let i(k) = 30*k - 187. Let x be i(6). What is p(x)?
11
Let v(l) = 5*l**3 + 17*l**2 + 106*l - 67. Let j(h) = -h**3 - 4*h**2 - 25*h + 17. Let o(x) = 9*j(x) + 2*v(x). Determine o(4).
-1
Let x be (4/(-2))/(2/(-4)). Let u(n) be the first derivative of -n**2 - 23 + x*n + 3*n + 2*n - 3*n. Determine u(4).
-2
Let d(n) = 6*n**3 + 13*n**2 + 2*n - 2. Let g(s) = 7*s**3 + 14*s**2 + 2*s - 2. Let m(y) = 6*d(y) - 5*g(y). Suppose 3*v + 29 = 5*p, -p + 4 = 3*p. Calculate m(v).
-18
Let n(y) = 20*y + 0*y**2 + 15841 + y**2 - 15835. Determine n(-22).
50
Let c(b) = 13*b - 12. Let h = -1528 - -1524. Calculate c(h).
-64
Let h = 105 + -100. Suppose -8 = o - h. Let r(p) = p**2 + 4*p - 1. Calculate r(o).
-4
Let n(v) = -v**2 + 8*v + 3. Suppose 4*z - 2 = -2*l, -18 - 1 = -4*l - 3*z. Suppose l = f - 5*m, f + 3*m + 28 = 5*f. What is n(f)?
10
Let r = 10 - 9. Let j(x) be the first derivative of -7*x**2 - x - 7514. Calculate j(r).
-15
Let n(g) = g**3 - 7*g**2 + 3*g + 9. Let r = -337 - -363. Suppose 9*i - 89 = -r. Give n(i).
30
Suppose -5*h + 20 = 8*w, 23*w - 20*w - h + 27 = 0. Let z(x) be the third derivative of x**5/60 + x**4/8 - x**3/6 - x**2. Determine z(w).
9
Suppose 9*i - 7 = 2. Let t = -31 + 43. Let h(y) = -3*y - y + t - 13 + 9*y. Determine h(i).
4
Let s = 25 + -23. Let l(k) = 2*k + 34*k**s - 6*k - 35*k**2 - 4*k - 12. Determine l(-9).
-21
Suppose -2*t + 3*l = 6, -4*l + 7*l - 9 = t. Suppose 0 = -2*b + 2*j + 4, 6*j = t*j + 3. Let v(z) = z**3 - 2*z**2 - 2*z. Calculate v(b).
3
Let x(t) = 85*t**3 - 27*t**2 - 45*t + 62. Let j(c) = -19*c**3 + 7*c**2 + 11*c - 15. Let n(q) = 9*j(q) + 2*x(q). Calculate n(10).
-21
Let k(f) = f**3 + 9*f**2 - 2*f - 20. Suppose -67 = -2*h + 51. Let v = -68 + h. Let w be k(v). Let u(n) = -n**2 - n + 2. Give u(w).
0
Let r be (-14)/4*(38 + -12). Let u = r - -123. Suppose 18 = 7*f + u. Let m(q) = -7*q - 2. Give m(f).
12
Suppose 16*m + 53 = -21 - 6. Let w(r) = -r**2 - 3*r - 6. Determine w(m).
-16
Let s be (12*12/216)/(1/6). Let b be -10 + 4 + s + 3 + -3. Let d(l) = 3*l**3 + 3*l**2 + l. Give d(b).
-14
Let k = 213 + -214. Suppose 5*a = 4*q - 82, 2*q - 3*a = 32 + 8. Let o(b) = -229*b**2 + 1 + b + 229*b**2 - q*b**3. Calculate o(k).
23
Let k(h) = -h**3 + 12*h**2 - 11*h - 17. Let w(d) = 114*d + 2177. Let i be w(-19). What is k(i)?
-17
Let u(h) be the third derivative of 0 + 0*h**5 - 1/24*h**4 + 0*h**3 + 0*h + 2*h**2 + 1/10*h**6. Let n = 497 - 498. Calculate u(n).
-11
Let d be 986/(-136) - -1*2/8. Let t(r) = 5*r + 11 - 6 + 1 - 4. What is t(d)?
-33
Let z(s) be the third derivative of s**4/3 + s**3/2 - s**2. Let c = -14806 + 14809. Calculate z(c).
27
Let f(m) = -m**3 - m + 1. Suppose 14*s - 13*s = -5, h + 5*s + 23 = 0. Let w(n) = -n**3 + n**2 + 3*n - 3. Let k(c) = h*f(c) + w(c). Calculate k(1).
-2
Let p(o) be the first derivative of -o**2/2 - 9*o + 629. Give p(-3).
-6
Let s(m) = -m - 13 - 30*m**3 + 16*m**2 + 9*m + 31*m**3 - 25*m**2. Calculate s(7).
-55
Let b(w) = 4*w**2 - 25*w + 3. Let m be b(5). Let x be (m/66)/(2/(-36)). Let u(o) = 194*o + x - 3 - 193*o. What is u(-4)?
-1
Let z(l) = -l**2 + 19*l - 1. Let n = 13251 - 13240. What is z(n)?
87
Let j be (-4 - 5 - 551/(-57))/(4/30). Let a(z) = -13*z - 10. Calculate a(j).
-75
Let o(f) = f**3 - 11*f**2 + f - 1. Let m = 991 + -480. Let q = m + -500. What is o(q)?
10
Let f(y) = -7*y**2 + 5*y + 6. Let p(b) = 8*b**2 - 5*b - 6. Let u(o) = 7*f(o) + 6*p(o). Let c(h) = 20*h - 358. Let v be c(14). Let n = -72 - v. Determine u(n).
0
Let u(x) be the third derivative of x**5/15 + 5*x**4/12 + 17*x**3/6 - x**2 + 181. Calculate u(-3).
23
Suppose -9*x - 11*x = -8*x. Suppose x = -3*l + 48 - 69. Let h(u) be the second derivative of u**4/12 + u**3 + u**2 + 4*u. What is h(l)?
9
Suppose 3*w - 41*h + 45*h + 46 = 0, -5*h + 107 = -8*w. Let q(n) = 10*n + 58. Give q(w).
-82
Let r(l) = l**2 + 13*l + 26. Suppose 72*w - 3*m = 67*w - 37, 0 = -3*w + 5*m - 3. Give r(w).
4
Suppose 25 = 3*n + 5*h, 0 = 2*n + 13*h - 17*h - 2. Let v(r) be the first derivative of r**2/2 - 5*r + 85. Determine v(n).
0
Let l(g) = -g**2 - g + 21. Suppose 2*b = 6*b + 8, 5*c = -5*b. Suppose f = c*f + f. What is l(f)?
21
Let p be (-100)/(-16)*44/55. Let a be (16/48)/(((-10)/24)/p). Let c(m) be the first derivative of m**3/3 + 2*m**2 + 2*m - 1. Calculate c(a).
2
Let n(w) be the second derivative of w**4/12 - 10*w**2 - w + 684. Calculate n(0).
-20
Let s = -13940 - -13933. Let v(z) = -z**3 - 9*z**2 - 9*z + 7. Determine v(s).
-28
Let r(k) = 2*k - 9. Let n(d) = 207*d - 2481. Let w be n(12). What is r(w)?
-3
Let p(o) = o**3 - 7*o**2 - 7*o - 15. Let h be p(8). Let x(q) = 5*q + 42. Let k be x(h). Let i(m) = 3*m - 6. Determine i(k).
15
Let c = -68 + 72. Suppose -c*x + 16 - 36 = 0. Let g(d) = -d**2 - 3*d + 5. Give g(x).
-5
Let z(p) be the first derivative of 80 - 1/2*p**2 + 2*p. What is z(-6)?
8
Let a = -74 - -135. Let p(w) = -2*w + 3*w**2 + 126 - a - 63. Determine p(1).
3
Let h(g) = g**2 + 3*g - 12. Let j(o) = -o**3 + 12*o**2 - 36*o + 2. Let c be j(8). Let k be 22/(-33)*c/(-4)